[INFO] fetching crate opennode-client 1.0.1...
[INFO] checking opennode-client-1.0.1 against try#72f88fc4e9458f89516a0b8b0868f3718aec5b47 for pr-74989
[INFO] extracting crate opennode-client 1.0.1 into /workspace/builds/worker-4/source
[INFO] validating manifest of crates.io crate opennode-client 1.0.1 on toolchain 72f88fc4e9458f89516a0b8b0868f3718aec5b47
[INFO] running `Command { std: "/workspace/cargo-home/bin/cargo" "+72f88fc4e9458f89516a0b8b0868f3718aec5b47" "read-manifest" "--manifest-path" "Cargo.toml", kill_on_drop: false }`
[INFO] started tweaking crates.io crate opennode-client 1.0.1
[INFO] finished tweaking crates.io crate opennode-client 1.0.1
[INFO] tweaked toml for crates.io crate opennode-client 1.0.1 written to /workspace/builds/worker-4/source/Cargo.toml
[INFO] crate crates.io crate opennode-client 1.0.1 already has a lockfile, it will not be regenerated
[INFO] running `Command { std: "/workspace/cargo-home/bin/cargo" "+72f88fc4e9458f89516a0b8b0868f3718aec5b47" "fetch" "--locked" "--manifest-path" "Cargo.toml", kill_on_drop: false }`
[INFO] [stderr]  Downloading crates ...
[INFO] [stderr]   Downloaded proc-macro2 v1.0.7
[INFO] [stderr]   Downloaded security-framework v0.3.4
[INFO] [stderr]   Downloaded hyper-tls v0.4.0
[INFO] [stderr]   Downloaded futures-channel v0.3.1
[INFO] [stderr]   Downloaded serde_json v1.0.44
[INFO] [stderr]   Downloaded reqwest v0.10.0
[INFO] [stderr]   Downloaded pin-project v0.4.6
[INFO] [stderr]   Downloaded futures-core v0.3.1
[INFO] [stderr]   Downloaded wasm-bindgen-shared v0.2.56
[INFO] [stderr]   Downloaded futures-sink v0.3.1
[INFO] [stderr]   Downloaded http v0.2.0
[INFO] [stderr]   Downloaded futures-task v0.3.1
[INFO] [stderr]   Downloaded openssl-sys v0.9.53
[INFO] [stderr]   Downloaded h2 v0.2.1
[INFO] [stderr]   Downloaded pin-project-internal v0.4.6
[INFO] [stderr]   Downloaded opennode v1.0.0
[INFO] [stderr]   Downloaded cc v1.0.48
[INFO] [stderr]   Downloaded wasm-bindgen-backend v0.2.56
[INFO] [stderr]   Downloaded wasm-bindgen v0.2.56
[INFO] [stderr]   Downloaded pin-project-lite v0.1.2
[INFO] [stderr]   Downloaded wasm-bindgen-futures v0.4.6
[INFO] [stderr]   Downloaded bytes v0.5.3
[INFO] [stderr]   Downloaded js-sys v0.3.33
[INFO] [stderr]   Downloaded hyper v0.13.1
[INFO] [stderr]   Downloaded wasm-bindgen-macro-support v0.2.56
[INFO] [stderr]   Downloaded web-sys v0.3.33
[INFO] [stderr]   Downloaded futures-util v0.3.1
[INFO] [stderr]   Downloaded smallvec v1.1.0
[INFO] [stderr]   Downloaded bumpalo v2.6.0
[INFO] [stderr]   Downloaded syn v1.0.13
[INFO] [stderr]   Downloaded wasm-bindgen-webidl v0.2.56
[INFO] [stderr]   Downloaded wasm-bindgen-macro v0.2.56
[INFO] [stderr]   Downloaded tokio v0.2.6
[INFO] [stderr]   Downloaded openssl v0.10.26
[INFO] running `Command { std: "docker" "create" "-v" "/var/lib/crater-agent-workspace/builds/worker-4/target:/opt/rustwide/target:rw,Z" "-v" "/var/lib/crater-agent-workspace/builds/worker-4/source:/opt/rustwide/workdir:ro,Z" "-v" "/var/lib/crater-agent-workspace/cargo-home:/opt/rustwide/cargo-home:ro,Z" "-v" "/var/lib/crater-agent-workspace/rustup-home:/opt/rustwide/rustup-home:ro,Z" "-e" "SOURCE_DIR=/opt/rustwide/workdir" "-e" "CARGO_TARGET_DIR=/opt/rustwide/target" "-e" "CARGO_HOME=/opt/rustwide/cargo-home" "-e" "RUSTUP_HOME=/opt/rustwide/rustup-home" "-w" "/opt/rustwide/workdir" "-m" "1610612736" "--user" "0:0" "--network" "none" "rustops/crates-build-env@sha256:d92eaeed33fa75130ca1ee6c8a01d1ffb62bac859dfdfb3450e3e5d1c0146529" "/opt/rustwide/cargo-home/bin/cargo" "+72f88fc4e9458f89516a0b8b0868f3718aec5b47" "metadata" "--no-deps" "--format-version=1", kill_on_drop: false }`
[INFO] [stdout] 2193bce5d5ce20377e02052bfbd6ac54a447c78df7818298ac07b8fd3fd206a3
[INFO] [stderr] WARNING: Your kernel does not support swap limit capabilities or the cgroup is not mounted. Memory limited without swap.
[INFO] running `Command { std: "docker" "start" "-a" "2193bce5d5ce20377e02052bfbd6ac54a447c78df7818298ac07b8fd3fd206a3", kill_on_drop: false }`
[INFO] running `Command { std: "docker" "inspect" "2193bce5d5ce20377e02052bfbd6ac54a447c78df7818298ac07b8fd3fd206a3", kill_on_drop: false }`
[INFO] running `Command { std: "docker" "rm" "-f" "2193bce5d5ce20377e02052bfbd6ac54a447c78df7818298ac07b8fd3fd206a3", kill_on_drop: false }`
[INFO] [stdout] 2193bce5d5ce20377e02052bfbd6ac54a447c78df7818298ac07b8fd3fd206a3
[INFO] running `Command { std: "docker" "create" "-v" "/var/lib/crater-agent-workspace/builds/worker-4/target:/opt/rustwide/target:rw,Z" "-v" "/var/lib/crater-agent-workspace/builds/worker-4/source:/opt/rustwide/workdir:ro,Z" "-v" "/var/lib/crater-agent-workspace/cargo-home:/opt/rustwide/cargo-home:ro,Z" "-v" "/var/lib/crater-agent-workspace/rustup-home:/opt/rustwide/rustup-home:ro,Z" "-e" "SOURCE_DIR=/opt/rustwide/workdir" "-e" "CARGO_TARGET_DIR=/opt/rustwide/target" "-e" "CARGO_INCREMENTAL=0" "-e" "RUST_BACKTRACE=full" "-e" "RUSTFLAGS=--cap-lints=forbid" "-e" "CARGO_HOME=/opt/rustwide/cargo-home" "-e" "RUSTUP_HOME=/opt/rustwide/rustup-home" "-w" "/opt/rustwide/workdir" "-m" "1610612736" "--user" "0:0" "--network" "none" "rustops/crates-build-env@sha256:d92eaeed33fa75130ca1ee6c8a01d1ffb62bac859dfdfb3450e3e5d1c0146529" "/opt/rustwide/cargo-home/bin/cargo" "+72f88fc4e9458f89516a0b8b0868f3718aec5b47" "check" "--frozen" "--all" "--all-targets" "--message-format=json", kill_on_drop: false }`
[INFO] [stdout] 87331411f45bdf682801ad30e6438b888992edfeb787838de1c63ccc9a866a8f
[INFO] [stderr] WARNING: Your kernel does not support swap limit capabilities or the cgroup is not mounted. Memory limited without swap.
[INFO] running `Command { std: "docker" "start" "-a" "87331411f45bdf682801ad30e6438b888992edfeb787838de1c63ccc9a866a8f", kill_on_drop: false }`
[INFO] [stderr]    Compiling libc v0.2.66
[INFO] [stderr]    Compiling autocfg v0.1.7
[INFO] [stderr]     Checking cfg-if v0.1.10
[INFO] [stderr]    Compiling proc-macro2 v1.0.7
[INFO] [stderr]    Compiling unicode-xid v0.2.0
[INFO] [stderr]    Compiling syn v1.0.13
[INFO] [stderr]    Compiling cc v1.0.48
[INFO] [stderr]    Compiling pkg-config v0.3.17
[INFO] [stderr]     Checking itoa v0.4.4
[INFO] [stderr]     Checking fnv v1.0.6
[INFO] [stderr]     Checking bytes v0.5.3
[INFO] [stderr]    Compiling memchr v2.2.1
[INFO] [stderr]     Checking lazy_static v1.4.0
[INFO] [stderr]     Checking slab v0.4.2
[INFO] [stderr]    Compiling bitflags v1.2.1
[INFO] [stderr]    Compiling version_check v0.9.1
[INFO] [stderr]     Checking pin-project-lite v0.1.2
[INFO] [stderr]     Checking futures-core v0.3.1
[INFO] [stderr]    Compiling serde v1.0.104
[INFO] [stderr]    Compiling openssl v0.10.26
[INFO] [stderr]     Checking futures-sink v0.3.1
[INFO] [stderr]     Checking smallvec v1.1.0
[INFO] [stderr]    Compiling ryu v1.0.2
[INFO] [stderr]     Checking futures-task v0.3.1
[INFO] [stderr]    Compiling native-tls v0.2.3
[INFO] [stderr]     Checking try-lock v0.2.2
[INFO] [stderr]     Checking openssl-probe v0.1.2
[INFO] [stderr]     Checking tower-service v0.3.0
[INFO] [stderr]     Checking percent-encoding v2.1.0
[INFO] [stderr]    Compiling encoding_rs v0.8.22
[INFO] [stderr]     Checking dtoa v0.4.4
[INFO] [stderr]     Checking mime v0.3.14
[INFO] [stderr]     Checking base64 v0.11.0
[INFO] [stderr]     Checking unicode-width v0.1.7
[INFO] [stderr]     Checking vec_map v0.8.1
[INFO] [stderr]     Checking ansi_term v0.11.0
[INFO] [stderr]     Checking strsim v0.8.0
[INFO] [stderr]     Checking futures-channel v0.3.1
[INFO] [stderr]     Checking unicode-normalization v0.1.11
[INFO] [stderr]     Checking futures-util v0.3.1
[INFO] [stderr]     Checking http v0.2.0
[INFO] [stderr]     Checking textwrap v0.11.0
[INFO] [stderr]     Checking log v0.4.8
[INFO] [stderr]    Compiling unicase v2.6.0
[INFO] [stderr]    Compiling indexmap v1.3.0
[INFO] [stderr]     Checking want v0.3.0
[INFO] [stderr]    Compiling mime_guess v2.0.1
[INFO] [stderr]    Compiling quote v1.0.2
[INFO] [stderr]    Compiling openssl-sys v0.9.53
[INFO] [stderr]     Checking iovec v0.1.4
[INFO] [stderr]     Checking net2 v0.2.33
[INFO] [stderr]     Checking time v0.1.42
[INFO] [stderr]     Checking atty v0.2.14
[INFO] [stderr]     Checking clap v2.33.0
[INFO] [stderr]     Checking idna v0.2.0
[INFO] [stderr]     Checking mio v0.6.21
[INFO] [stderr]     Checking url v2.1.0
[INFO] [stderr]     Checking tokio v0.2.6
[INFO] [stderr]     Checking http-body v0.3.1
[INFO] [stderr]     Checking tokio-util v0.2.0
[INFO] [stderr]     Checking h2 v0.2.1
[INFO] [stderr]     Checking tokio-tls v0.3.0
[INFO] [stderr]    Compiling serde_derive v1.0.104
[INFO] [stderr]    Compiling pin-project-internal v0.4.6
[INFO] [stderr]     Checking pin-project v0.4.6
[INFO] [stderr]     Checking hyper v0.13.1
[INFO] [stderr]     Checking hyper-tls v0.4.0
[INFO] [stderr]     Checking serde_json v1.0.44
[INFO] [stderr]     Checking serde_urlencoded v0.6.1
[INFO] [stderr]     Checking reqwest v0.10.0
[INFO] [stderr]     Checking opennode v1.0.0
[INFO] [stderr]     Checking opennode-client v1.0.1 (/opt/rustwide/workdir)
[INFO] [stdout] error[E0433]: failed to resolve: could not find `main` in `tokio`
[INFO] [stdout]   --> examples/charge.rs:15:10
[INFO] [stdout]    |
[INFO] [stdout] 15 | #[tokio::main]
[INFO] [stdout]    |          ^^^^ could not find `main` in `tokio`
[INFO] [stdout] 
[INFO] [stdout] 
[INFO] [stdout] error[E0433]: failed to resolve: could not find `main` in `tokio`
[INFO] [stdout]  --> examples/rates.rs:8:10
[INFO] [stdout]   |
[INFO] [stdout] 8 | #[tokio::main]
[INFO] [stdout]   |          ^^^^ could not find `main` in `tokio`
[INFO] [stdout] 
[INFO] [stdout] 
[INFO] [stdout] error[E0433]: failed to resolve: could not find `main` in `tokio`
[INFO] [stdout]  --> examples/account.rs:8:10
[INFO] [stdout]   |
[INFO] [stdout] 8 | #[tokio::main]
[INFO] [stdout]   |          ^^^^ could not find `main` in `tokio`
[INFO] [stdout] 
[INFO] [stdout] 
[INFO] [stdout] error[E0433]: failed to resolve: could not find `main` in `tokio`
[INFO] [stdout]   --> examples/withdrawal.rs:18:10
[INFO] [stdout]    |
[INFO] [stdout] 18 | #[tokio::main]
[INFO] [stdout]    |          ^^^^ could not find `main` in `tokio`
[INFO] [stdout] 
[INFO] [stdout] 
[INFO] [stdout] error[E0433]: failed to resolve: could not find `main` in `tokio`
[INFO] [stdout]   --> examples/refund.rs:14:10
[INFO] [stdout]    |
[INFO] [stdout] 14 | #[tokio::main]
[INFO] [stdout]    |          ^^^^ could not find `main` in `tokio`
[INFO] [stdout] 
[INFO] [stdout] 
[INFO] [stdout] error[E0433]: failed to resolve: could not find `main` in `tokio`
[INFO] [stdout]  --> examples/currencies.rs:7:10
[INFO] [stdout]   |
[INFO] [stdout] 7 | #[tokio::main]
[INFO] [stdout]   |          ^^^^ could not find `main` in `tokio`
[INFO] [stdout] 
[INFO] [stdout] 
[INFO] [stdout] error[E0277]: `main` has invalid return type `impl Future`
[INFO] [stdout]  --> examples/currencies.rs:8:17
[INFO] [stdout]   |
[INFO] [stdout] 8 | async fn main() {
[INFO] [stdout]   |                 ^ `main` can only return types that implement `Termination`
[INFO] [stdout]   |
[INFO] [stdout]   = help: consider using `()`, or a `Result`
[INFO] [stdout] 
[INFO] [stdout] 
[INFO] [stdout] error[E0752]: `main` function is not allowed to be `async`
[INFO] [stdout]  --> examples/currencies.rs:8:1
[INFO] [stdout]   |
[INFO] [stdout] 8 | async fn main() {
[INFO] [stdout]   | ^^^^^^^^^^^^^^^ `main` function is not allowed to be `async`
[INFO] [stdout] 
[INFO] [stdout] 
[INFO] [stdout] error: aborting due to 3 previous errors
[INFO] [stdout] 
[INFO] [stdout] 
[INFO] [stdout] Some errors have detailed explanations: E0277, E0433, E0752.
[INFO] [stdout] 
[INFO] [stdout] For more information about an error, try `rustc --explain E0277`.
[INFO] [stdout] 
[INFO] [stderr] error: could not compile `opennode-client`.
[INFO] [stderr] 
[INFO] [stderr] To learn more, run the command again with --verbose.
[INFO] [stderr] warning: build failed, waiting for other jobs to finish...
[INFO] [stdout] error[E0277]: `main` has invalid return type `impl Future`
[INFO] [stdout]  --> examples/account.rs:9:17
[INFO] [stdout]   |
[INFO] [stdout] 9 | async fn main() {
[INFO] [stdout]   |                 ^ `main` can only return types that implement `Termination`
[INFO] [stdout]   |
[INFO] [stdout]   = help: consider using `()`, or a `Result`
[INFO] [stdout] 
[INFO] [stdout] 
[INFO] [stdout] error[E0752]: `main` function is not allowed to be `async`
[INFO] [stdout]  --> examples/account.rs:9:1
[INFO] [stdout]   |
[INFO] [stdout] 9 | async fn main() {
[INFO] [stdout]   | ^^^^^^^^^^^^^^^ `main` function is not allowed to be `async`
[INFO] [stdout] 
[INFO] [stdout] 
[INFO] [stdout] error[E0277]: `main` has invalid return type `impl Future`
[INFO] [stdout]   --> examples/withdrawal.rs:19:17
[INFO] [stdout]    |
[INFO] [stdout] 19 | async fn main() {
[INFO] [stdout]    |                 ^ `main` can only return types that implement `Termination`
[INFO] [stdout]    |
[INFO] [stdout]    = help: consider using `()`, or a `Result`
[INFO] [stdout] 
[INFO] [stdout] 
[INFO] [stdout] error[E0752]: `main` function is not allowed to be `async`
[INFO] [stdout]   --> examples/withdrawal.rs:19:1
[INFO] [stdout]    |
[INFO] [stdout] 19 | async fn main() {
[INFO] [stdout]    | ^^^^^^^^^^^^^^^ `main` function is not allowed to be `async`
[INFO] [stdout] 
[INFO] [stdout] 
[INFO] [stdout] error: aborting due to 3 previous errors
[INFO] [stdout] 
[INFO] [stdout] 
[INFO] [stdout] Some errors have detailed explanations: E0277, E0433, E0752.
[INFO] [stdout] 
[INFO] [stdout] For more information about an error, try `rustc --explain E0277`.
[INFO] [stdout] 
[INFO] [stdout] error: aborting due to 3 previous errors
[INFO] [stdout] 
[INFO] [stdout] 
[INFO] [stdout] Some errors have detailed explanations: E0277, E0433, E0752.
[INFO] [stdout] 
[INFO] [stdout] For more information about an error, try `rustc --explain E0277`.
[INFO] [stdout] 
[INFO] [stdout] error[E0277]: `main` has invalid return type `impl Future`
[INFO] [stdout]  --> examples/rates.rs:9:17
[INFO] [stdout]   |
[INFO] [stdout] 9 | async fn main() {
[INFO] [stdout]   |                 ^ `main` can only return types that implement `Termination`
[INFO] [stdout]   |
[INFO] [stdout]   = help: consider using `()`, or a `Result`
[INFO] [stdout] 
[INFO] [stdout] 
[INFO] [stdout] error[E0752]: `main` function is not allowed to be `async`
[INFO] [stdout]  --> examples/rates.rs:9:1
[INFO] [stdout]   |
[INFO] [stdout] 9 | async fn main() {
[INFO] [stdout]   | ^^^^^^^^^^^^^^^ `main` function is not allowed to be `async`
[INFO] [stdout] 
[INFO] [stdout] 
[INFO] [stdout] error: aborting due to 3 previous errors
[INFO] [stdout] 
[INFO] [stdout] 
[INFO] [stdout] Some errors have detailed explanations: E0277, E0433, E0752.
[INFO] [stdout] 
[INFO] [stdout] For more information about an error, try `rustc --explain E0277`.
[INFO] [stdout] 
[INFO] [stdout] error[E0277]: `main` has invalid return type `impl Future`
[INFO] [stdout]   --> examples/charge.rs:16:17
[INFO] [stdout]    |
[INFO] [stdout] 16 | async fn main() {
[INFO] [stdout]    |                 ^ `main` can only return types that implement `Termination`
[INFO] [stdout]    |
[INFO] [stdout]    = help: consider using `()`, or a `Result`
[INFO] [stdout] 
[INFO] [stdout] 
[INFO] [stdout] error[E0752]: `main` function is not allowed to be `async`
[INFO] [stdout]   --> examples/charge.rs:16:1
[INFO] [stdout]    |
[INFO] [stdout] 16 | async fn main() {
[INFO] [stdout]    | ^^^^^^^^^^^^^^^ `main` function is not allowed to be `async`
[INFO] [stdout] 
[INFO] [stdout] 
[INFO] [stdout] error: aborting due to 3 previous errors
[INFO] [stdout] 
[INFO] [stdout] 
[INFO] [stdout] Some errors have detailed explanations: E0277, E0433, E0752.
[INFO] [stdout] 
[INFO] [stdout] For more information about an error, try `rustc --explain E0277`.
[INFO] [stdout] 
[INFO] [stdout] error[E0277]: `main` has invalid return type `impl Future`
[INFO] [stdout]   --> examples/refund.rs:15:17
[INFO] [stdout]    |
[INFO] [stdout] 15 | async fn main() {
[INFO] [stdout]    |                 ^ `main` can only return types that implement `Termination`
[INFO] [stdout]    |
[INFO] [stdout]    = help: consider using `()`, or a `Result`
[INFO] [stdout] 
[INFO] [stdout] 
[INFO] [stdout] error[E0752]: `main` function is not allowed to be `async`
[INFO] [stdout]   --> examples/refund.rs:15:1
[INFO] [stdout]    |
[INFO] [stdout] 15 | async fn main() {
[INFO] [stdout]    | ^^^^^^^^^^^^^^^ `main` function is not allowed to be `async`
[INFO] [stdout] 
[INFO] [stdout] 
[INFO] [stdout] error: aborting due to 3 previous errors
[INFO] [stdout] 
[INFO] [stdout] 
[INFO] [stdout] Some errors have detailed explanations: E0277, E0433, E0752.
[INFO] [stdout] 
[INFO] [stdout] For more information about an error, try `rustc --explain E0277`.
[INFO] [stdout] 
[INFO] [stderr] error: build failed
[INFO] running `Command { std: "docker" "inspect" "87331411f45bdf682801ad30e6438b888992edfeb787838de1c63ccc9a866a8f", kill_on_drop: false }`
[INFO] running `Command { std: "docker" "rm" "-f" "87331411f45bdf682801ad30e6438b888992edfeb787838de1c63ccc9a866a8f", kill_on_drop: false }`
[INFO] [stdout] 87331411f45bdf682801ad30e6438b888992edfeb787838de1c63ccc9a866a8f
